35 + 105 = 4*s. Suppose s = -t + 6*t. What is the tens digit of t?
1
Let f be (6/(-7))/((-2)/14). Suppose 5*w = w + 4*p + 8, -5*w + 10 = -p. What is the units digit of (w - 1)*(-2 + f)?
4
Suppose -3*k = -k - 262. What is the units digit of k?
1
Let h be 2 - (0 - (-10)/(-1)). Suppose -4 - 11 = -5*x, -5*q + 4*x - h = 0. Suppose -p - 3*p + 12 = q. What is the units digit of p?
3
Let b = -4 - -4. Suppose -4*v - 4 = b, 4*k + 0*k - 4*v = 132. What is the tens digit of k?
3
Let q(m) = -m**3 - 8*m**2 + 7*m - 8. Let x be q(-9). Let i = x + -6. Suppose -i*u = 29 - 77. What is the units digit of u?
2
Suppose -4*n = -0*n - 20. Suppose 0 = -n*d - 4*m + 217, -4*m + 172 = -d + 5*d. What is the units digit of (-18)/d + (-144)/(-10)?
4
Suppose -2*c = -8 - 2. Let p(y) = y**2 - 3*y + 6. What is the units digit of p(c)?
6
Let y(b) = -4*b**3 - 22*b**2 + 2*b + 16. Let j(h) = -15*h**2 + 4*h**3 - 7*h**3 + 11 + 5*h - 4*h. Let r(m) = 7*j(m) - 5*y(m). What is the units digit of r(3)?
6
Let c(z) = 17*z**2 - z. Let b be (1/2)/((-2)/(-4)). What is the units digit of c(b)?
6
Suppose c - 2*z - 3*z = 5, 1 = -z. Suppose -2 = k - c. Let i = 6 + k. What is the units digit of i?
4
What is the tens digit of 2394/15 + 6/15?
6
Suppose -5*d + 4*d + 4 = 0. Suppose 12 = d*u - 12. What is the units digit of u?
6
Let s(n) = 6*n**2 - 3*n - 32. What is the units digit of s(-6)?
2
Suppose 8*z - 39 = 5*z. What is the tens digit of z?
1
Let w = 7 + -5. Suppose 2*a + w*a - 24 = 0. What is the units digit of a?
6
Let a(z) = -2 + 5 + 0 + z + 5. Let p(g) = g**2 + 6*g - 7. Let m be p(-6). What is the units digit of a(m)?
1
Let u(q) = -4*q + 2. Let g be u(4). Let j = -71 - -41. Let t = g - j. What is the units digit of t?
6
Let i = -9 + 6. Let r(c) = -3*c + 2. What is the tens digit of r(i)?
1
Suppose 0 = -5*t + 4*s + 27, -5*t + 5 = 2*s - 4. Suppose -t = 3*n + j + 2*j, -5*j - 12 = -2*n. What is the units digit of -5*(-1 - n)/2?
5
Let j(o) be the second derivative of o**4/12 + 4*o**3/3 + 13*o**2/2 - 5*o. What is the units digit of j(-8)?
3
Suppose -2*u = 3*i - 12, 3 = 2*u - u. Suppose -3*f + i*f + 11 = 0. What is the tens digit of f?
1
Let w(l) = l**3 + 6*l**2 + 3. Let g be w(-6). Suppose -g - 15 = -p. What is the units digit of p?
8
Suppose 6 = 2*t - 0*t. Suppose -5 - 16 = -t*j. What is the units digit of j?
7
Let w(d) = -2*d - 4. Suppose n + 5*p + 14 = 0, -10 = 4*n - 0*n - 3*p. Let k be w(n). Suppose k*f = 40 + 20. What is the units digit of f?
5
Let q(c) = 5*c + 5. Let h be q(6). Suppose h = 5*a + 5. Suppose 40 = a*t - t. What is the units digit of t?
8
Suppose 2*t - 8 + 20 = 0. Let h = -3 - t. Suppose x - 2*j = 16, 4 = -h*j + 1. What is the tens digit of x?
1
Let a(q) = q**2 - 9*q - 7. Let x be a(10). Suppose -2*c + 135 = x*c. What is the tens digit of c?
2
Let g = -6 - -20. Suppose 2*k - g + 4 = 0. Suppose 5*h - 2*s - 17 = -3*s, -h - 11 = k*s. What is the units digit of h?
4
Let d = 7 + 2. What is the units digit of d?
9
Let v(b) = b**3 + 8*b**2 + 6*b + 10. Let q be v(-7). Suppose 0 = -4*p + 5*d + q + 10, 4*d = -3*p + 59. What is the tens digit of p?
1
Suppose 6*q = 3*q + 72. What is the tens digit of q?
2
Suppose -5*h - 27 - 3 = 0. What is the units digit of ((-20)/h)/((-18)/(-27))?
5
Let g = -8 - -11. Suppose -4*b + 16 = -4*h, -9*h - 8 = -g*b - 4*h. Suppose 3*l - 2 = -3*t + 2*l, 2*l = 4*t - b. What is the units digit of t?
1
Suppose 0*l + 18 = 3*l. Suppose s = 12 + l. What is the units digit of s?
8
Suppose 4*m + 4 = -5*z - 10, -4*z - 2*m = 16. What is the units digit of (-10)/z + 4/(-6)?
1
Let n = -111 + -71. What is the tens digit of (-4)/26 - 2758/n?
1
Suppose 10*y - 54 = 9*y. Suppose -2*a - a = -y. What is the tens digit of a?
1
Suppose 3*l = 4*z + 107, 3*l = 2*z + z + 111. What is the tens digit of l?
4
Let j(y) = -y**2 + 16*y + 19. Let c be j(15). Suppose 0 = 4*m + 4, -2*m = -2*b + 66 + c. What is the tens digit of b?
4
Suppose 0 = -i - 2, -k - 5*i + 1 = 18. Let d = k - -10. What is the units digit of d?
3
Let s be -4 - (-2)/6*-9. Let c(i) = -9*i - 8. What is the tens digit of c(s)?
5
Suppose 5*o - 35 = -5*q + 360, 5*o = -4*q + 391. Suppose -2*a = -17 - o. What is the units digit of a?
6
Let o(s) = 2*s**2 + 5*s + 2. Let a be o(-3). Let c = a - -10. What is the tens digit of c?
1
Let b(c) = 3*c**2 - c. What is the tens digit of b(-2)?
1
Let t(d) = -d**2 - 9*d - 9. Let n be t(-7). Suppose -8*x = -3*x - n. What is the units digit of -1 + x + 0 - -1?
1
Let c(y) = -y + 6. Let k be c(5). Let f = k + -1. Suppose -j + 10 = 4*p, f*j + 4*p - 4 = 2*j. What is the units digit of j?
2
What is the units digit of (-1 + 0)*(-87 - -8)?
9
Let v(j) = 6*j**2 + 10*j + 2. What is the units digit of v(-3)?
6
Let y be -5*(-3)/(-3)*-1. Suppose -3 = -5*k - 23, 0 = -y*f + k + 64. What is the tens digit of f?
1
Let b = 0 - 3. Let q = -1 + b. Let k = q - -11. What is the units digit of k?
7
Let u(m) = m**2 - 6*m + 4. Let s be u(4). Let l(w) be the third derivative of w**5/60 + w**4/12 + w**3/3 + 2*w**2. What is the units digit of l(s)?
0
Suppose 8*g - 1845 = 3*g. What is the hundreds digit of g?
3
Let h be 18/12*2*1. Let z be 4 + ((-6)/(-3) - h). Suppose 3*y - 8 = -4*f, -f = z*y - y - 2. What is the units digit of f?
2
Let t = 0 - -18. Suppose -p - p = 2, -2*p = -4*w + t. Suppose 6*q - 18 = w*q. What is the units digit of q?
9
Let v = -394 + 620. What is the units digit of v?
6
Let w(s) = -18*s**3 - 2*s**2 - 2. What is the units digit of w(-2)?
4
Let a be (-81)/(-6) - 4/(-8). Let t = 32 - a. What is the tens digit of t?
1
Suppose 6 = 4*c - 6. What is the units digit of c?
3
Suppose -3*j - y + 8 = 3*y, j - 8 = 4*y. What is the tens digit of ((-44)/(-6))/(j/6)?
1
Let x = -16 - -21. Suppose 0*b + 80 = x*b. What is the units digit of b?
6
Suppose -5*v + 273 = -77. What is the tens digit of v?
7
Suppose -6*z + 15 = -z. Suppose -z*l = 96 - 15. What is the tens digit of 1 + (l/(-3) - -2)?
1
Let r = 22 - -3. What is the tens digit of r?
2
Let d be (-2)/((-5)/(-7) - 1). Suppose -3*y = -76 + d. What is the tens digit of y?
2
Let t(b) = 9*b + 1. Let c(a) = -8*a - 1. Suppose v + 7 = 2. Let z(l) = v*t(l) - 6*c(l). What is the units digit of z(2)?
7
Let k be -8 - -5 - -1*8. Let m = 6 - k. What is the units digit of m?
1
Let a(g) = -7*g + 10. Let s(x) = -14*x + 21. Let m(f) = 9*a(f) - 4*s(f). What is the units digit of m(-5)?
1
Let p = 6 - 3. Suppose -p*c - 2 + 11 = 0. What is the units digit of c?
3
Suppose d - 37 = -5*y, 5*y + 44 = 5*d - 51. What is the tens digit of (d - 1 - -1) + -2?
2
Let f be 16/2 - (6 - 3). Suppose v - f*q - 196 = -3*v, 0 = v + 5*q - 49. What is the tens digit of v?
4
Let t be (5/4)/(2/(-8)). Let f(x) = -x**3 - 6*x**2 + 6*x - 3. Let g(p) = -p**2 + 1. Let h(m) = -f(m) + 2*g(m). What is the units digit of h(t)?
0
Let x be 6/9*(-33)/(-2). Let k = x - 9. What is the units digit of k?
2
Suppose 0 = t + 1 - 4. Let s = 66 - 69. Let h = t - s. What is the units digit of h?
6
Suppose 3*p - 36 = 4*a, -p + 3*a + 19 = 4*a. Suppose 2*z + p = -50. Let b = z + 46. What is the tens digit of b?
1
Let k(o) = -o - 5. Let n be k(-5). Let z be (n - -1)/(1 - 0). What is the units digit of z - -2 - (-5 - 4)?
2
Suppose 0 = 2*a - 3*a + 5. Let b be (78/(2 + 1))/(1 + 0). Suppose -b = -a*l + 2*j, 0 = 2*l + j - 16 + 2. What is the units digit of l?
6
Let a(z) = -4*z + 7. Let m be a(-7). Suppose 0*f + 52 = 5*f - 2*w, 5*w = 3*f - m. Let n(i) = i - 3. What is the units digit of n(f)?
7
Suppose -f + 4*w = 6, -w - 3 - 1 = -3*f. Suppose f*s = 7*s - 60. Suppose -3*z + 18 = -s. What is the units digit of z?
0
Suppose -4*b + 9 = 5*g + 1, -b + 3*g = -2. Suppose -4*q + b*q = d - 2, 6 = 3*d + 2*q. Let s = 8 - d. What is the units digit of s?
6
Let g = -73 - -129. Let c = g - 21. What is the units digit of c?
5
Let o be 3/3 + 0 + -25. What is the units digit of -1 - o - (2 - 1)?
2
Let o = 0 + 2. Suppose 2*n = 3*r + 21, -5*n + 3*r + 24 = -2*n. Suppose 4*f + 3*a = o*f + 17, 0 = n*f - 2*a + 7. What is the units digit of f?
1
Let j = 5 + 2. Let t = 1 - j. Let l = t - -11. What is the units digit of l?
5
Let r = -24 - -110. What is the tens digit of r?
8
Suppose 3*l - 14 = l. Suppose -3*n = -l*n + 4. Let t(m) = -m + 2. What is the units digit of t(n)?
1
Let g(t) = 4 - 3 - 28*t + 3. Let p be g(3). What is the units digit of p/(-14) - 10/(-35)?
6
Le